{"id":87,"date":"2015-05-12T16:28:58","date_gmt":"2015-05-12T14:28:58","guid":{"rendered":"http:\/\/grundschule-am-papenberg.de\/wordpress\/?page_id=87"},"modified":"2025-07-14T15:04:25","modified_gmt":"2025-07-14T13:04:25","slug":"elternarbeit","status":"publish","type":"page","link":"http:\/\/grundschule-am-papenberg.de\/?page_id=87","title":{"rendered":"Elternarbeit"},"content":{"rendered":"<p><img loading=\"lazy\" decoding=\"async\" class=\"alignnone  wp-image-5563\" src=\"http:\/\/grundschule-am-papenberg.de\/wordpress\/wp-content\/uploads\/2025\/05\/Elternarbeit_GAP-300x169.jpg\" alt=\"\" width=\"810\" height=\"456\" srcset=\"http:\/\/grundschule-am-papenberg.de\/wordpress\/wp-content\/uploads\/2025\/05\/Elternarbeit_GAP-300x169.jpg 300w, http:\/\/grundschule-am-papenberg.de\/wordpress\/wp-content\/uploads\/2025\/05\/Elternarbeit_GAP-1024x576.jpg 1024w, http:\/\/grundschule-am-papenberg.de\/wordpress\/wp-content\/uploads\/2025\/05\/Elternarbeit_GAP-768x432.jpg 768w, http:\/\/grundschule-am-papenberg.de\/wordpress\/wp-content\/uploads\/2025\/05\/Elternarbeit_GAP-409x230.jpg 409w, http:\/\/grundschule-am-papenberg.de\/wordpress\/wp-content\/uploads\/2025\/05\/Elternarbeit_GAP.jpg 1280w\" sizes=\"auto, (max-width: 810px) 100vw, 810px\" \/><\/p>\n<p style=\"text-align: left;\">Das Motto <em><strong>\u201eIn der Grundschulzeit werden die Weichen f\u00fcr die Zukunft der Kinder gestellt\u201c<\/strong><\/em> ist Anlass genug, damit sich die Eltern mit Engagement in das Schulleben mit einbringen. Dementsprechend gibt es in jeder Klasse eine Elternvertretung, die regelm\u00e4\u00dfige Beratungen mit dem Klassenleiter durchf\u00fchrt. Im Laufe des Schuljahres finden in allen Klassen Elternversammlungen statt. Der Schulelternrat und die Schulkonferenz treffen sich je nach Bedarf, aber mindestens einmal im Schuljahr. Alle grundlegenden Ver\u00e4nderungen in der Schule, Verordnungen und Festlegungen f\u00fcr den Schulbetrieb und gr\u00f6\u00dfere Vorhaben werden in diesen Gremien im Vorfeld beraten und beschlossen.<br \/>\nDie Eltern unterst\u00fctzen die Klassen bei der Organisation und Durchf\u00fchrung von Schulwanderungen, Projekten und schulischen H\u00f6hepunkten im Rahmen ihrer M\u00f6glichkeiten.<\/p>\n<p>Hier erfahren Sie mehr \u00fcber die <a href=\"http:\/\/grundschule-am-papenberg.de\/?page_id=90\">Schulkonferenz<\/a> und \u00fcber den <a href=\"http:\/\/grundschule-am-papenberg.de\/?page_id=92\">F\u00f6rderverein<\/a> unserer Schule.<\/p>\n<p>Wir freuen uns \u00fcber Ihr Engagement! &#x1f340;<\/p>\n<p><em>Das Bildmaterial auf dieser Seite wurde mit Canva (www.canva.com) erstellt und wird im Rahmen der Lehrerlizenz f\u00fcr nicht-kommerzielle, schulische Zwecke verwendet.<\/em><\/p>\n","protected":false},"excerpt":{"rendered":"<p>Das Motto \u201eIn der Grundschulzeit werden die Weichen f\u00fcr die Zukunft der Kinder gestellt\u201c ist Anlass genug, damit sich die Eltern mit Engagement in das Schulleben mit einbringen. Dementsprechend gibt es in jeder Klasse eine Elternvertretung, die regelm\u00e4\u00dfige Beratungen mit dem Klassenleiter durchf\u00fchrt. Im Laufe des Schuljahres finden in allen Klassen Elternversammlungen statt. Der Schulelternrat [&hellip;]<\/p>\n","protected":false},"author":2,"featured_media":0,"parent":0,"menu_order":6,"comment_status":"closed","ping_status":"closed","template":"","meta":{"footnotes":""},"class_list":["post-87","page","type-page","status-publish","hentry"],"_links":{"self":[{"href":"http:\/\/grundschule-am-papenberg.de\/index.php?rest_route=\/wp\/v2\/pages\/87","targetHints":{"allow":["GET"]}}],"collection":[{"href":"http:\/\/grundschule-am-papenberg.de\/index.php?rest_route=\/wp\/v2\/pages"}],"about":[{"href":"http:\/\/grundschule-am-papenberg.de\/index.php?rest_route=\/wp\/v2\/types\/page"}],"author":[{"embeddable":true,"href":"http:\/\/grundschule-am-papenberg.de\/index.php?rest_route=\/wp\/v2\/users\/2"}],"replies":[{"embeddable":true,"href":"http:\/\/grundschule-am-papenberg.de\/index.php?rest_route=%2Fwp%2Fv2%2Fcomments&post=87"}],"version-history":[{"count":2,"href":"http:\/\/grundschule-am-papenberg.de\/index.php?rest_route=\/wp\/v2\/pages\/87\/revisions"}],"predecessor-version":[{"id":5879,"href":"http:\/\/grundschule-am-papenberg.de\/index.php?rest_route=\/wp\/v2\/pages\/87\/revisions\/5879"}],"wp:attachment":[{"href":"http:\/\/grundschule-am-papenberg.de\/index.php?rest_route=%2Fwp%2Fv2%2Fmedia&parent=87"}],"curies":[{"name":"wp","href":"https:\/\/api.w.org\/{rel}","templated":true}]}}

<p><img loading="lazy" decoding="async" class="alignnone  wp-image-5563" src="http://grundschule-am-papenberg.de/wordpress/wp-content/uploads/2025/05/Elternarbeit_GAP-300x169.jpg" alt="" width="810" height="456" srcset="http://grundschule-am-papenberg.de/wordpress/wp-content/uploads/2025/05/Elternarbeit_GAP-300x169.jpg 300w, http://grundschule-am-papenberg.de/wordpress/wp-content/uploads/2025/05/Elternarbeit_GAP-1024x576.jpg 1024w, http://grundschule-am-papenberg.de/wordpress/wp-content/uploads/2025/05/Elternarbeit_GAP-768x432.jpg 768w, http://grundschule-am-papenberg.de/wordpress/wp-content/uploads/2025/05/Elternarbeit_GAP-409x230.jpg 409w, http://grundschule-am-papenberg.de/wordpress/wp-content/uploads/2025/05/Elternarbeit_GAP.jpg 1280w" sizes="auto, (max-width: 810px) 100vw, 810px" /></p>
<p style="text-align: left;">Das Motto <em><strong>„In der Grundschulzeit werden die Weichen für die Zukunft der Kinder gestellt“</strong></em> ist Anlass genug, damit sich die Eltern mit Engagement in das Schulleben mit einbringen. Dementsprechend gibt es in jeder Klasse eine Elternvertretung, die regelmäßige Beratungen mit dem Klassenleiter durchführt. Im Laufe des Schuljahres finden in allen Klassen Elternversammlungen statt. Der Schulelternrat und die Schulkonferenz treffen sich je nach Bedarf, aber mindestens einmal im Schuljahr. Alle grundlegenden Veränderungen in der Schule, Verordnungen und Festlegungen für den Schulbetrieb und größere Vorhaben werden in diesen Gremien im Vorfeld beraten und beschlossen.<br />
Die Eltern unterstützen die Klassen bei der Organisation und Durchführung von Schulwanderungen, Projekten und schulischen Höhepunkten im Rahmen ihrer Möglichkeiten.</p>
<p>Hier erfahren Sie mehr über die <a href="http://grundschule-am-papenberg.de/?page_id=90">Schulkonferenz</a> und über den <a href="http://grundschule-am-papenberg.de/?page_id=92">Förderverein</a> unserer Schule.</p>
<p>Wir freuen uns über Ihr Engagement! &#x1f340;</p>
<p><em>Das Bildmaterial auf dieser Seite wurde mit Canva (www.canva.com) erstellt und wird im Rahmen der Lehrerlizenz für nicht-kommerzielle, schulische Zwecke verwendet.</em></p>

<p>Das Motto „In der Grundschulzeit werden die Weichen für die Zukunft der Kinder gestellt“ ist Anlass genug, damit sich die Eltern mit Engagement in das Schulleben mit einbringen. Dementsprechend gibt es in jeder Klasse eine Elternvertretung, die regelmäßige Beratungen mit dem Klassenleiter durchführt. Im Laufe des Schuljahres finden in allen Klassen Elternversammlungen statt. Der Schulelternrat [&hellip;]</p>
