{"id":8,"date":"2015-03-10T08:11:01","date_gmt":"2015-03-10T07:11:01","guid":{"rendered":"http:\/\/grundschule-am-papenberg.de\/wordpress\/?page_id=8"},"modified":"2025-10-12T09:09:24","modified_gmt":"2025-10-12T07:09:24","slug":"schule","status":"publish","type":"page","link":"http:\/\/grundschule-am-papenberg.de\/?page_id=8","title":{"rendered":"Unsere Schule"},"content":{"rendered":"<p style=\"text-align: left;\">Unsere Grundschule liegt s\u00fcd\u00f6stlich von Waren (M\u00fcritz). Sie befindet sich im Wohngebiet auf dem Papenberg in der B\u00fcrgermeister-Schlaaff-Stra\u00dfe 26. Dieses Schulgeb\u00e4ude wurde 1981\/1982 erbaut und im Jahr 2000\/2001 vollst\u00e4ndig saniert bzw. teilweise umgebaut. Von M\u00e4rz 2018 bis Juni 2019 wurde unsere Schule durch einen Anbau erweitert. Neue gro\u00dfe Klassenr\u00e4ume und Fachr\u00e4ume sind entstanden. Parallel dazu wurde die gesamte Schulhoffl\u00e4che neu gestaltet. Den Sch\u00fclern und Sch\u00fclerinnen stehen jetzt zwei neue Pausenfl\u00e4chen mit vielen neuen Spielm\u00f6glichkeiten zur Verf\u00fcgung.<\/p>\n<p style=\"text-align: left;\">Zurzeit geh\u00f6ren, neben der Schulleitung, eine Sonderschulp\u00e4dagogin, 20 Lehrerinnen, ein Lehrer, eine Schulsozialarbeiterin, eine Referendarin und zwei upF zu unserem Kollegium.<\/p>\n<ul style=\"list-style-type: square;\">\n<li style=\"text-align: left;\"><span style=\"line-height: 1.5;\">16 Lehrkr\u00e4fte sind Klassenleiter\/innen.<\/span><\/li>\n<li style=\"text-align: left;\">Die\u00a0unterst\u00fctzenden p\u00e4dagogischen Fachkr\u00e4fte (upF) sind den Lehrern bei der Weiterentwicklung des Arbeits- und Lernverhaltens der Sch\u00fcler behilflich.<\/li>\n<li style=\"text-align: left;\">Die Schulsozialarbeiterin gestaltet die Projekte mit, bringt sich vielseitig ins Schulleben ein und unterst\u00fctzt die Lehrer und Eltern in unterschiedlicher Weise.<\/li>\n<\/ul>\n\n\n<figure class=\"wp-block-image size-large\"><img loading=\"lazy\" decoding=\"async\" width=\"1024\" height=\"768\" src=\"http:\/\/grundschule-am-papenberg.de\/wordpress\/wp-content\/uploads\/2025\/05\/IMG_8663-1024x768.jpeg\" alt=\"\" class=\"wp-image-5629\" srcset=\"http:\/\/grundschule-am-papenberg.de\/wordpress\/wp-content\/uploads\/2025\/05\/IMG_8663-1024x768.jpeg 1024w, http:\/\/grundschule-am-papenberg.de\/wordpress\/wp-content\/uploads\/2025\/05\/IMG_8663-300x225.jpeg 300w, http:\/\/grundschule-am-papenberg.de\/wordpress\/wp-content\/uploads\/2025\/05\/IMG_8663-768x576.jpeg 768w, http:\/\/grundschule-am-papenberg.de\/wordpress\/wp-content\/uploads\/2025\/05\/IMG_8663-1536x1152.jpeg 1536w, http:\/\/grundschule-am-papenberg.de\/wordpress\/wp-content\/uploads\/2025\/05\/IMG_8663-2048x1536.jpeg 2048w, http:\/\/grundschule-am-papenberg.de\/wordpress\/wp-content\/uploads\/2025\/05\/IMG_8663-307x230.jpeg 307w\" sizes=\"auto, (max-width: 1024px) 100vw, 1024px\" \/><figcaption class=\"wp-element-caption\">Die Treppen zum Haupteingang unserer Schule. Hier empfangen wir Sie zu Elternversammlungen, Elternabenden oder bei Abholung Ihrer Kinder.<\/figcaption><\/figure>\n\n\n\n<figure class=\"wp-block-image size-large\"><img loading=\"lazy\" decoding=\"async\" width=\"1024\" height=\"768\" src=\"http:\/\/grundschule-am-papenberg.de\/wordpress\/wp-content\/uploads\/2025\/05\/IMG_8646-1024x768.jpeg\" alt=\"\" class=\"wp-image-5628\" srcset=\"http:\/\/grundschule-am-papenberg.de\/wordpress\/wp-content\/uploads\/2025\/05\/IMG_8646-1024x768.jpeg 1024w, http:\/\/grundschule-am-papenberg.de\/wordpress\/wp-content\/uploads\/2025\/05\/IMG_8646-300x225.jpeg 300w, http:\/\/grundschule-am-papenberg.de\/wordpress\/wp-content\/uploads\/2025\/05\/IMG_8646-768x576.jpeg 768w, http:\/\/grundschule-am-papenberg.de\/wordpress\/wp-content\/uploads\/2025\/05\/IMG_8646-1536x1152.jpeg 1536w, http:\/\/grundschule-am-papenberg.de\/wordpress\/wp-content\/uploads\/2025\/05\/IMG_8646-2048x1536.jpeg 2048w, http:\/\/grundschule-am-papenberg.de\/wordpress\/wp-content\/uploads\/2025\/05\/IMG_8646-307x230.jpeg 307w\" sizes=\"auto, (max-width: 1024px) 100vw, 1024px\" \/><figcaption class=\"wp-element-caption\">Der Eingang vom gro\u00dfen Schulhof<\/figcaption><\/figure>\n\n\n\n<figure class=\"wp-block-image size-large\"><img loading=\"lazy\" decoding=\"async\" width=\"1024\" height=\"768\" src=\"http:\/\/grundschule-am-papenberg.de\/wordpress\/wp-content\/uploads\/2025\/05\/IMG_8673-1024x768.jpeg\" alt=\"\" class=\"wp-image-5637\" srcset=\"http:\/\/grundschule-am-papenberg.de\/wordpress\/wp-content\/uploads\/2025\/05\/IMG_8673-1024x768.jpeg 1024w, http:\/\/grundschule-am-papenberg.de\/wordpress\/wp-content\/uploads\/2025\/05\/IMG_8673-300x225.jpeg 300w, http:\/\/grundschule-am-papenberg.de\/wordpress\/wp-content\/uploads\/2025\/05\/IMG_8673-768x576.jpeg 768w, http:\/\/grundschule-am-papenberg.de\/wordpress\/wp-content\/uploads\/2025\/05\/IMG_8673-1536x1152.jpeg 1536w, http:\/\/grundschule-am-papenberg.de\/wordpress\/wp-content\/uploads\/2025\/05\/IMG_8673-2048x1536.jpeg 2048w, http:\/\/grundschule-am-papenberg.de\/wordpress\/wp-content\/uploads\/2025\/05\/IMG_8673-307x230.jpeg 307w\" sizes=\"auto, (max-width: 1024px) 100vw, 1024px\" \/><figcaption class=\"wp-element-caption\">Unser Atrium mit Seiteneingang am kleinen Schulhof<\/figcaption><\/figure>\n\n\n\n<figure class=\"wp-block-image size-large\"><img loading=\"lazy\" decoding=\"async\" width=\"1024\" height=\"768\" src=\"http:\/\/grundschule-am-papenberg.de\/wordpress\/wp-content\/uploads\/2025\/05\/IMG_8651-1024x768.jpeg\" alt=\"\" class=\"wp-image-5634\" srcset=\"http:\/\/grundschule-am-papenberg.de\/wordpress\/wp-content\/uploads\/2025\/05\/IMG_8651-1024x768.jpeg 1024w, http:\/\/grundschule-am-papenberg.de\/wordpress\/wp-content\/uploads\/2025\/05\/IMG_8651-300x225.jpeg 300w, http:\/\/grundschule-am-papenberg.de\/wordpress\/wp-content\/uploads\/2025\/05\/IMG_8651-768x576.jpeg 768w, http:\/\/grundschule-am-papenberg.de\/wordpress\/wp-content\/uploads\/2025\/05\/IMG_8651-1536x1152.jpeg 1536w, http:\/\/grundschule-am-papenberg.de\/wordpress\/wp-content\/uploads\/2025\/05\/IMG_8651-2048x1536.jpeg 2048w, http:\/\/grundschule-am-papenberg.de\/wordpress\/wp-content\/uploads\/2025\/05\/IMG_8651-307x230.jpeg 307w\" sizes=\"auto, (max-width: 1024px) 100vw, 1024px\" \/><figcaption class=\"wp-element-caption\">Der Blick auf den gro\u00dfen Hof. Hier befinden sich auch die Fahrradst\u00e4nder f\u00fcr Ihre Kinder.<\/figcaption><\/figure>\n","protected":false},"excerpt":{"rendered":"<p>Unsere Grundschule liegt s\u00fcd\u00f6stlich von Waren (M\u00fcritz). Sie befindet sich im Wohngebiet auf dem Papenberg in der B\u00fcrgermeister-Schlaaff-Stra\u00dfe 26. Dieses Schulgeb\u00e4ude wurde 1981\/1982 erbaut und im Jahr 2000\/2001 vollst\u00e4ndig saniert bzw. teilweise umgebaut. Von M\u00e4rz 2018 bis Juni 2019 wurde unsere Schule durch einen Anbau erweitert. Neue gro\u00dfe Klassenr\u00e4ume und Fachr\u00e4ume sind entstanden. Parallel dazu [&hellip;]<\/p>\n","protected":false},"author":2,"featured_media":5633,"parent":0,"menu_order":1,"comment_status":"closed","ping_status":"closed","template":"","meta":{"footnotes":""},"class_list":["post-8","page","type-page","status-publish","has-post-thumbnail","hentry"],"_links":{"self":[{"href":"http:\/\/grundschule-am-papenberg.de\/index.php?rest_route=\/wp\/v2\/pages\/8","targetHints":{"allow":["GET"]}}],"collection":[{"href":"http:\/\/grundschule-am-papenberg.de\/index.php?rest_route=\/wp\/v2\/pages"}],"about":[{"href":"http:\/\/grundschule-am-papenberg.de\/index.php?rest_route=\/wp\/v2\/types\/page"}],"author":[{"embeddable":true,"href":"http:\/\/grundschule-am-papenberg.de\/index.php?rest_route=\/wp\/v2\/users\/2"}],"replies":[{"embeddable":true,"href":"http:\/\/grundschule-am-papenberg.de\/index.php?rest_route=%2Fwp%2Fv2%2Fcomments&post=8"}],"version-history":[{"count":3,"href":"http:\/\/grundschule-am-papenberg.de\/index.php?rest_route=\/wp\/v2\/pages\/8\/revisions"}],"predecessor-version":[{"id":6095,"href":"http:\/\/grundschule-am-papenberg.de\/index.php?rest_route=\/wp\/v2\/pages\/8\/revisions\/6095"}],"wp:featuredmedia":[{"embeddable":true,"href":"http:\/\/grundschule-am-papenberg.de\/index.php?rest_route=\/wp\/v2\/media\/5633"}],"wp:attachment":[{"href":"http:\/\/grundschule-am-papenberg.de\/index.php?rest_route=%2Fwp%2Fv2%2Fmedia&parent=8"}],"curies":[{"name":"wp","href":"https:\/\/api.w.org\/{rel}","templated":true}]}}

<p style="text-align: left;">Unsere Grundschule liegt südöstlich von Waren (Müritz). Sie befindet sich im Wohngebiet auf dem Papenberg in der Bürgermeister-Schlaaff-Straße 26. Dieses Schulgebäude wurde 1981/1982 erbaut und im Jahr 2000/2001 vollständig saniert bzw. teilweise umgebaut. Von März 2018 bis Juni 2019 wurde unsere Schule durch einen Anbau erweitert. Neue große Klassenräume und Fachräume sind entstanden. Parallel dazu wurde die gesamte Schulhoffläche neu gestaltet. Den Schülern und Schülerinnen stehen jetzt zwei neue Pausenflächen mit vielen neuen Spielmöglichkeiten zur Verfügung.</p>
<p style="text-align: left;">Zurzeit gehören, neben der Schulleitung, eine Sonderschulpädagogin, 20 Lehrerinnen, ein Lehrer, eine Schulsozialarbeiterin, eine Referendarin und zwei upF zu unserem Kollegium.</p>
<ul style="list-style-type: square;">
<li style="text-align: left;"><span style="line-height: 1.5;">16 Lehrkräfte sind Klassenleiter/innen.</span></li>
<li style="text-align: left;">Die unterstützenden pädagogischen Fachkräfte (upF) sind den Lehrern bei der Weiterentwicklung des Arbeits- und Lernverhaltens der Schüler behilflich.</li>
<li style="text-align: left;">Die Schulsozialarbeiterin gestaltet die Projekte mit, bringt sich vielseitig ins Schulleben ein und unterstützt die Lehrer und Eltern in unterschiedlicher Weise.</li>
</ul>


<figure class="wp-block-image size-large"><img loading="lazy" decoding="async" width="1024" height="768" src="http://grundschule-am-papenberg.de/wordpress/wp-content/uploads/2025/05/IMG_8663-1024x768.jpeg" alt="" class="wp-image-5629" srcset="http://grundschule-am-papenberg.de/wordpress/wp-content/uploads/2025/05/IMG_8663-1024x768.jpeg 1024w, http://grundschule-am-papenberg.de/wordpress/wp-content/uploads/2025/05/IMG_8663-300x225.jpeg 300w, http://grundschule-am-papenberg.de/wordpress/wp-content/uploads/2025/05/IMG_8663-768x576.jpeg 768w, http://grundschule-am-papenberg.de/wordpress/wp-content/uploads/2025/05/IMG_8663-1536x1152.jpeg 1536w, http://grundschule-am-papenberg.de/wordpress/wp-content/uploads/2025/05/IMG_8663-2048x1536.jpeg 2048w, http://grundschule-am-papenberg.de/wordpress/wp-content/uploads/2025/05/IMG_8663-307x230.jpeg 307w" sizes="auto, (max-width: 1024px) 100vw, 1024px" /><figcaption class="wp-element-caption">Die Treppen zum Haupteingang unserer Schule. Hier empfangen wir Sie zu Elternversammlungen, Elternabenden oder bei Abholung Ihrer Kinder.</figcaption></figure>



<figure class="wp-block-image size-large"><img loading="lazy" decoding="async" width="1024" height="768" src="http://grundschule-am-papenberg.de/wordpress/wp-content/uploads/2025/05/IMG_8646-1024x768.jpeg" alt="" class="wp-image-5628" srcset="http://grundschule-am-papenberg.de/wordpress/wp-content/uploads/2025/05/IMG_8646-1024x768.jpeg 1024w, http://grundschule-am-papenberg.de/wordpress/wp-content/uploads/2025/05/IMG_8646-300x225.jpeg 300w, http://grundschule-am-papenberg.de/wordpress/wp-content/uploads/2025/05/IMG_8646-768x576.jpeg 768w, http://grundschule-am-papenberg.de/wordpress/wp-content/uploads/2025/05/IMG_8646-1536x1152.jpeg 1536w, http://grundschule-am-papenberg.de/wordpress/wp-content/uploads/2025/05/IMG_8646-2048x1536.jpeg 2048w, http://grundschule-am-papenberg.de/wordpress/wp-content/uploads/2025/05/IMG_8646-307x230.jpeg 307w" sizes="auto, (max-width: 1024px) 100vw, 1024px" /><figcaption class="wp-element-caption">Der Eingang vom großen Schulhof</figcaption></figure>



<figure class="wp-block-image size-large"><img loading="lazy" decoding="async" width="1024" height="768" src="http://grundschule-am-papenberg.de/wordpress/wp-content/uploads/2025/05/IMG_8673-1024x768.jpeg" alt="" class="wp-image-5637" srcset="http://grundschule-am-papenberg.de/wordpress/wp-content/uploads/2025/05/IMG_8673-1024x768.jpeg 1024w, http://grundschule-am-papenberg.de/wordpress/wp-content/uploads/2025/05/IMG_8673-300x225.jpeg 300w, http://grundschule-am-papenberg.de/wordpress/wp-content/uploads/2025/05/IMG_8673-768x576.jpeg 768w, http://grundschule-am-papenberg.de/wordpress/wp-content/uploads/2025/05/IMG_8673-1536x1152.jpeg 1536w, http://grundschule-am-papenberg.de/wordpress/wp-content/uploads/2025/05/IMG_8673-2048x1536.jpeg 2048w, http://grundschule-am-papenberg.de/wordpress/wp-content/uploads/2025/05/IMG_8673-307x230.jpeg 307w" sizes="auto, (max-width: 1024px) 100vw, 1024px" /><figcaption class="wp-element-caption">Unser Atrium mit Seiteneingang am kleinen Schulhof</figcaption></figure>



<figure class="wp-block-image size-large"><img loading="lazy" decoding="async" width="1024" height="768" src="http://grundschule-am-papenberg.de/wordpress/wp-content/uploads/2025/05/IMG_8651-1024x768.jpeg" alt="" class="wp-image-5634" srcset="http://grundschule-am-papenberg.de/wordpress/wp-content/uploads/2025/05/IMG_8651-1024x768.jpeg 1024w, http://grundschule-am-papenberg.de/wordpress/wp-content/uploads/2025/05/IMG_8651-300x225.jpeg 300w, http://grundschule-am-papenberg.de/wordpress/wp-content/uploads/2025/05/IMG_8651-768x576.jpeg 768w, http://grundschule-am-papenberg.de/wordpress/wp-content/uploads/2025/05/IMG_8651-1536x1152.jpeg 1536w, http://grundschule-am-papenberg.de/wordpress/wp-content/uploads/2025/05/IMG_8651-2048x1536.jpeg 2048w, http://grundschule-am-papenberg.de/wordpress/wp-content/uploads/2025/05/IMG_8651-307x230.jpeg 307w" sizes="auto, (max-width: 1024px) 100vw, 1024px" /><figcaption class="wp-element-caption">Der Blick auf den großen Hof. Hier befinden sich auch die Fahrradständer für Ihre Kinder.</figcaption></figure>

<p>Unsere Grundschule liegt südöstlich von Waren (Müritz). Sie befindet sich im Wohngebiet auf dem Papenberg in der Bürgermeister-Schlaaff-Straße 26. Dieses Schulgebäude wurde 1981/1982 erbaut und im Jahr 2000/2001 vollständig saniert bzw. teilweise umgebaut. Von März 2018 bis Juni 2019 wurde unsere Schule durch einen Anbau erweitert. Neue große Klassenräume und Fachräume sind entstanden. Parallel dazu [&hellip;]</p>
