{"id":69,"date":"2015-05-12T16:22:54","date_gmt":"2015-05-12T14:22:54","guid":{"rendered":"http:\/\/grundschule-am-papenberg.de\/wordpress\/?page_id=69"},"modified":"2025-07-14T14:57:21","modified_gmt":"2025-07-14T12:57:21","slug":"statistisches","status":"publish","type":"page","link":"http:\/\/grundschule-am-papenberg.de\/?page_id=69","title":{"rendered":"Ausz\u00fcge aus dem Schulprogramm"},"content":{"rendered":"<p><strong style=\"font-size: revert;\">1. Einleitung<\/strong><\/p>\n<p>Zum Schuljahr 2016\/2017 wurde unsere Grundschule eine \u201eVolle Halbtagsgrundschule\u201c. Deshalb haben wir unser Schulprogramm \u00fcberarbeitet sowie aktualisiert, um den begonnenen Entwicklungsprozess fortzuschreiben, zu konkretisieren und unsere Vorgehensweise sowie die Ziele unserer Arbeit klar aufzuzeigen und transparent zu machen. Es soll uns bei der Weiterentwicklung unserer p\u00e4dagogischen Arbeit helfen, um Qualit\u00e4tsentwicklung von Unterricht und Schulleben bewusster gestalten zu k\u00f6nnen.<\/p>\n<p>Unverzichtbar ist die Unterst\u00fctzung durch den Schultr\u00e4ger und eine am Bedarf orientierte Ausstattung der Schule in Abh\u00e4ngigkeit von unserer Sozialstruktur und unseren Standortbedingungen. Des Weiteren ist es uns wichtig, gute Bedingungen f\u00fcr ein entspanntes Zusammenleben, Arbeiten und Lernen zu schaffen.<\/p>\n<p>Dazu geh\u00f6ren unter anderem festgelegte Rituale, Projekte und Feste. Von gro\u00dfer Bedeutung ist es auch, dass alle, die in unserer Schule arbeiten und lernen, sich an der Schulgestaltung und Schulentwicklung beteiligen, die gemeinsame Arbeit planen, koordinieren sowie evaluieren.<\/p>\n<p>Die st\u00e4ndige Fortbildung aller Lehrkr\u00e4fte und eine vertrauensvolle Kooperation mit den Eltern sind deshalb notwendige Voraussetzungen.<\/p>\n<p>F\u00fcr alle Beteiligten unserer Schule muss es das Ziel sein, Lehr- und Lernprozesse stetig zu verbessern, einen an den individuellen Lernbedingungen orientierten und methodisch variantenreichen Unterricht anzubieten, sodass alle Sch\u00fclerinnen und Sch\u00fcler jeden Morgen voller Vorfreude ihren Lehrern und Lehrerinnen begegnen.<\/p>\n<p>Die nachfolgend formulierten Leits\u00e4tze und Ziele sehen wir als verbindliche Grundlage unserer Arbeit, die aber kein endg\u00fcltiges Produkt darstellen, sondern an deren Weiterentwicklung wir systematisch arbeiten werden.<\/p>\n<p><strong>2. Unsere Schule<\/strong><\/p>\n<p><strong>2.1. Schulstandort<br \/><\/strong><\/p>\n<ul>\n<li>in Waren (M\u00fcritz),<\/li>\n<li>in der B\u00fcrgermeister \u2013 Schlaaff \u2013 Stra\u00dfe 26,<\/li>\n<li>s\u00fcd\u00f6stlich vom Stadtzentrum,<\/li>\n<li>in einem Wohngebiet auf dem Papenberg.<\/li>\n<\/ul>\n<p>Unsere Schule ist eine Grundschule f\u00fcr alle Sch\u00fclerinnen und Sch\u00fcler aus verschiedenen Wohngebieten der Stadt Waren und Umgebung. Ein kleiner Teil unserer Sch\u00fcler, der aus sozial schwachen und bildungsfernen Familien kommt, wird bei uns sehr gut integriert.<\/p>\n<p>Hier werden Grundsch\u00fcler aus folgenden Wohngebieten und Ortsteilen beschult:<\/p>\n<p><img loading=\"lazy\" decoding=\"async\" class=\"alignnone  wp-image-5414\" src=\"http:\/\/grundschule-am-papenberg.de\/wordpress\/wp-content\/uploads\/2025\/04\/Einzugsgebiet-der-GAP-300x169.jpg\" alt=\"\" width=\"868\" height=\"489\" srcset=\"http:\/\/grundschule-am-papenberg.de\/wordpress\/wp-content\/uploads\/2025\/04\/Einzugsgebiet-der-GAP-300x169.jpg 300w, http:\/\/grundschule-am-papenberg.de\/wordpress\/wp-content\/uploads\/2025\/04\/Einzugsgebiet-der-GAP-1024x576.jpg 1024w, http:\/\/grundschule-am-papenberg.de\/wordpress\/wp-content\/uploads\/2025\/04\/Einzugsgebiet-der-GAP-768x432.jpg 768w, http:\/\/grundschule-am-papenberg.de\/wordpress\/wp-content\/uploads\/2025\/04\/Einzugsgebiet-der-GAP-409x230.jpg 409w, http:\/\/grundschule-am-papenberg.de\/wordpress\/wp-content\/uploads\/2025\/04\/Einzugsgebiet-der-GAP.jpg 1280w\" sizes=\"auto, (max-width: 868px) 100vw, 868px\" \/><\/p>\n<p><strong>2.2. Soziale Strukturen\/ Ressourcen<\/strong><\/p>\n<p>Als \u201eVolle Halbtagsgrundschule\u201c wird unsere Schule um 7.40 Uhr ge\u00f6ffnet. Die regul\u00e4re Unterrichtszeit ist von 8.00 Uhr bis 13.50 Uhr.<\/p>\n<p>In den Pausen gibt es verschiedene M\u00f6glichkeiten zur Erholung. Besonders seit der Schulhofgestaltung und Sanierung des Schulgeb\u00e4udes stehen den Kindern viele Spiel- und Sportger\u00e4te zur Verf\u00fcgung sowie noch mehr Fachr\u00e4ume, ein Medienraum und eine Bibliothek.<\/p>\n<p>Unsere Sch\u00fcler erhalten im Speiseraum ihr Mittagessen und k\u00f6nnen je nach Bedarf Milch bestellen.<\/p>\n<p>Unsere Schule ist hinsichtlich der vorhandenen Lehr- und Arbeitsmittel gut ausgestattet. Die notwendigen finanziellen Mittel erhalten wir j\u00e4hrlich von unserem Schultr\u00e4ger.<\/p>\n<p><strong>2.3. Geschichte<\/strong><\/p>\n<p>1981 \u2013 1982\u00a0\u00a0\u00a0\u00a0\u00a0\u00a0\u00a0\u00a0\u00a0\u00a0 Erbauung des Schulgeb\u00e4udes<\/p>\n<p>1982 \u2013 1991\u00a0\u00a0\u00a0\u00a0\u00a0\u00a0\u00a0\u00a0\u00a0\u00a0 Nutzung als Polytechnische Oberschule \u201eJose\u2019 Marti\u201c mit den Klassen 1 \u2013 10<\/p>\n<p>1991 \u2013 1998\u00a0\u00a0\u00a0\u00a0\u00a0\u00a0\u00a0\u00a0\u00a0\u00a0 zwei Schularten in einem Geb\u00e4ude: Grundschule, Realschule<\/p>\n<p>1998 \u2013 1999\u00a0\u00a0\u00a0\u00a0\u00a0\u00a0\u00a0\u00a0 \u00a0 eigenst\u00e4ndige Grundschule \u201eAm Papenberg\u201c<\/p>\n<p>2000 \u2013 2001\u00a0\u00a0\u00a0\u00a0\u00a0\u00a0\u00a0\u00a0 Umbau und vollst\u00e4ndige Sanierung unseres Schulgeb\u00e4udes<\/p>\n<p>2001 \u2013 bis heute\u00a0 Lernen in einem modernen Schulgeb\u00e4ude mit Hortbetreuung<\/p>\n<p>2016 \u2013 2017\u00a0\u00a0\u00a0\u00a0\u00a0\u00a0\u00a0\u00a0\u00a0 Auszug des Hortes in ein eigenst\u00e4ndiges Geb\u00e4ude neben der Schule<\/p>\n<p>seit dem Schuljahr<br \/>2016 \u2013 2017\u00a0\u00a0\u00a0\u00a0\u00a0\u00a0\u00a0\u00a0\u00a0\u00a0 Volle Halbtagsgrundschule<\/p>\n<p>2018 \u2013 2019\u00a0\u00a0\u00a0\u00a0\u00a0\u00a0\u00a0\u00a0\u00a0\u00a0 Erweiterung des Schulgeb\u00e4udes<\/p>\n<p>2019\u00a0\u00a0\u00a0\u00a0\u00a0\u00a0\u00a0\u00a0\u00a0\u00a0\u00a0\u00a0\u00a0\u00a0\u00a0\u00a0\u00a0\u00a0\u00a0\u00a0\u00a0\u00a0\u00a0\u00a0 Neugestaltung beider Schulh\u00f6fe<\/p>\n<p><strong>3. Grundschulzeit \u2013 sch\u00f6ne Zeit<\/strong><\/p>\n<p><strong>3.1. Unser &#8222;Leitbild&#8220;<\/strong><\/p>\n<p>Die gesamte Arbeit unserer Schule orientiert sich an einem &#8222;Leitbild&#8220;, das grunds\u00e4tzlich das gemeinsame Handeln aller P\u00e4dagogen, Sch\u00fcler und Eltern beschreibt:<\/p>\n<p style=\"text-align: center;\"><span style=\"color: #ff0000;\"><span style=\"color: #008000;\">&#8222;Lehrer<\/span> <span style=\"color: #008000;\">\u00f6ffnen dir die T\u00fcr \u2013 \u00fcber die Schwelle treten musst du selber.\u201c<\/span><\/span><\/p>\n<p>Unsere Schule soll ein Ort der Begegnung sein, an dem alle offen, vertrauens \u2013 und respektvoll miteinander umgehen.<\/p>\n<p>Wir verstehen unsere Schule als Lebensraum, an dem wir miteinander und voneinander lernen, uns ausprobieren und entfalten k\u00f6nnen.<\/p>\n<p>Von diesem Leitgedanken ausgehend haben wir, das Kollegium der Grundschule Am Papenberg, Leitziele formuliert, die das Schulleben in unserem Schulhaus darstellen.<\/p>\n<p><strong>3.2. Leits\u00e4tze<\/strong><\/p>\n<p><strong>Wir<\/strong> begegnen einander freundlich, h\u00f6flich und respektvoll.<\/p>\n<p><strong>Wir<\/strong> gehen ehrlich und vertrauensvoll miteinander um.<\/p>\n<p><strong>Wir<\/strong> sind hilfsbereit und zuverl\u00e4ssig.<\/p>\n<p><strong>Wir<\/strong> nehmen R\u00fccksicht aufeinander und halten vereinbarte Regeln ein.<\/p>\n<p><strong>Wir<\/strong> lassen keine Gewalt zu und l\u00f6sen Konflikte friedlich.<\/p>\n<p><strong>Wir<\/strong> sind f\u00fcr unsere Schule verantwortlich. Mit dem Schuleigentum gehen wir sorgsam um und achten auf Ordnung und Sauberkeit.<\/p>\n<p><strong>Wir<\/strong> sind offen f\u00fcr andere Sprachen und Kulturen.<\/p>\n<p><strong>3.3. Leitziele<\/strong><\/p>\n<p><img loading=\"lazy\" decoding=\"async\" class=\"alignnone wp-image-5544\" src=\"http:\/\/grundschule-am-papenberg.de\/wordpress\/wp-content\/uploads\/2025\/05\/2-1-300x169.jpg\" alt=\"\" width=\"859\" height=\"484\" srcset=\"http:\/\/grundschule-am-papenberg.de\/wordpress\/wp-content\/uploads\/2025\/05\/2-1-300x169.jpg 300w, http:\/\/grundschule-am-papenberg.de\/wordpress\/wp-content\/uploads\/2025\/05\/2-1-1024x576.jpg 1024w, http:\/\/grundschule-am-papenberg.de\/wordpress\/wp-content\/uploads\/2025\/05\/2-1-768x432.jpg 768w, http:\/\/grundschule-am-papenberg.de\/wordpress\/wp-content\/uploads\/2025\/05\/2-1-409x230.jpg 409w, http:\/\/grundschule-am-papenberg.de\/wordpress\/wp-content\/uploads\/2025\/05\/2-1.jpg 1440w\" sizes=\"auto, (max-width: 859px) 100vw, 859px\" \/><\/p>\n\n\n<p><em>Das Bildmaterial auf dieser Seite wurde mit Canva (www.canva.com) erstellt und wird im Rahmen der Lehrerlizenz f\u00fcr nicht-kommerzielle, schulische Zwecke verwendet.<\/em><\/p>\n","protected":false},"excerpt":{"rendered":"<p>1. Einleitung Zum Schuljahr 2016\/2017 wurde unsere Grundschule eine \u201eVolle Halbtagsgrundschule\u201c. Deshalb haben wir unser Schulprogramm \u00fcberarbeitet sowie aktualisiert, um den begonnenen Entwicklungsprozess fortzuschreiben, zu konkretisieren und unsere Vorgehensweise sowie die Ziele unserer Arbeit klar aufzuzeigen und transparent zu machen. Es soll uns bei der Weiterentwicklung unserer p\u00e4dagogischen Arbeit helfen, um Qualit\u00e4tsentwicklung von Unterricht und [&hellip;]<\/p>\n","protected":false},"author":2,"featured_media":0,"parent":8,"menu_order":4,"comment_status":"closed","ping_status":"closed","template":"","meta":{"footnotes":""},"class_list":["post-69","page","type-page","status-publish","hentry"],"_links":{"self":[{"href":"http:\/\/grundschule-am-papenberg.de\/index.php?rest_route=\/wp\/v2\/pages\/69","targetHints":{"allow":["GET"]}}],"collection":[{"href":"http:\/\/grundschule-am-papenberg.de\/index.php?rest_route=\/wp\/v2\/pages"}],"about":[{"href":"http:\/\/grundschule-am-papenberg.de\/index.php?rest_route=\/wp\/v2\/types\/page"}],"author":[{"embeddable":true,"href":"http:\/\/grundschule-am-papenberg.de\/index.php?rest_route=\/wp\/v2\/users\/2"}],"replies":[{"embeddable":true,"href":"http:\/\/grundschule-am-papenberg.de\/index.php?rest_route=%2Fwp%2Fv2%2Fcomments&post=69"}],"version-history":[{"count":3,"href":"http:\/\/grundschule-am-papenberg.de\/index.php?rest_route=\/wp\/v2\/pages\/69\/revisions"}],"predecessor-version":[{"id":5874,"href":"http:\/\/grundschule-am-papenberg.de\/index.php?rest_route=\/wp\/v2\/pages\/69\/revisions\/5874"}],"up":[{"embeddable":true,"href":"http:\/\/grundschule-am-papenberg.de\/index.php?rest_route=\/wp\/v2\/pages\/8"}],"wp:attachment":[{"href":"http:\/\/grundschule-am-papenberg.de\/index.php?rest_route=%2Fwp%2Fv2%2Fmedia&parent=69"}],"curies":[{"name":"wp","href":"https:\/\/api.w.org\/{rel}","templated":true}]}}

Auszüge aus dem Schulprogramm

<p><strong style="font-size: revert;">1. Einleitung</strong></p>
<p>Zum Schuljahr 2016/2017 wurde unsere Grundschule eine „Volle Halbtagsgrundschule“. Deshalb haben wir unser Schulprogramm überarbeitet sowie aktualisiert, um den begonnenen Entwicklungsprozess fortzuschreiben, zu konkretisieren und unsere Vorgehensweise sowie die Ziele unserer Arbeit klar aufzuzeigen und transparent zu machen. Es soll uns bei der Weiterentwicklung unserer pädagogischen Arbeit helfen, um Qualitätsentwicklung von Unterricht und Schulleben bewusster gestalten zu können.</p>
<p>Unverzichtbar ist die Unterstützung durch den Schulträger und eine am Bedarf orientierte Ausstattung der Schule in Abhängigkeit von unserer Sozialstruktur und unseren Standortbedingungen. Des Weiteren ist es uns wichtig, gute Bedingungen für ein entspanntes Zusammenleben, Arbeiten und Lernen zu schaffen.</p>
<p>Dazu gehören unter anderem festgelegte Rituale, Projekte und Feste. Von großer Bedeutung ist es auch, dass alle, die in unserer Schule arbeiten und lernen, sich an der Schulgestaltung und Schulentwicklung beteiligen, die gemeinsame Arbeit planen, koordinieren sowie evaluieren.</p>
<p>Die ständige Fortbildung aller Lehrkräfte und eine vertrauensvolle Kooperation mit den Eltern sind deshalb notwendige Voraussetzungen.</p>
<p>Für alle Beteiligten unserer Schule muss es das Ziel sein, Lehr- und Lernprozesse stetig zu verbessern, einen an den individuellen Lernbedingungen orientierten und methodisch variantenreichen Unterricht anzubieten, sodass alle Schülerinnen und Schüler jeden Morgen voller Vorfreude ihren Lehrern und Lehrerinnen begegnen.</p>
<p>Die nachfolgend formulierten Leitsätze und Ziele sehen wir als verbindliche Grundlage unserer Arbeit, die aber kein endgültiges Produkt darstellen, sondern an deren Weiterentwicklung wir systematisch arbeiten werden.</p>
<p><strong>2. Unsere Schule</strong></p>
<p><strong>2.1. Schulstandort<br /></strong></p>
<ul>
<li>in Waren (Müritz),</li>
<li>in der Bürgermeister – Schlaaff – Straße 26,</li>
<li>südöstlich vom Stadtzentrum,</li>
<li>in einem Wohngebiet auf dem Papenberg.</li>
</ul>
<p>Unsere Schule ist eine Grundschule für alle Schülerinnen und Schüler aus verschiedenen Wohngebieten der Stadt Waren und Umgebung. Ein kleiner Teil unserer Schüler, der aus sozial schwachen und bildungsfernen Familien kommt, wird bei uns sehr gut integriert.</p>
<p>Hier werden Grundschüler aus folgenden Wohngebieten und Ortsteilen beschult:</p>
<p><img loading="lazy" decoding="async" class="alignnone  wp-image-5414" src="http://grundschule-am-papenberg.de/wordpress/wp-content/uploads/2025/04/Einzugsgebiet-der-GAP-300x169.jpg" alt="" width="868" height="489" srcset="http://grundschule-am-papenberg.de/wordpress/wp-content/uploads/2025/04/Einzugsgebiet-der-GAP-300x169.jpg 300w, http://grundschule-am-papenberg.de/wordpress/wp-content/uploads/2025/04/Einzugsgebiet-der-GAP-1024x576.jpg 1024w, http://grundschule-am-papenberg.de/wordpress/wp-content/uploads/2025/04/Einzugsgebiet-der-GAP-768x432.jpg 768w, http://grundschule-am-papenberg.de/wordpress/wp-content/uploads/2025/04/Einzugsgebiet-der-GAP-409x230.jpg 409w, http://grundschule-am-papenberg.de/wordpress/wp-content/uploads/2025/04/Einzugsgebiet-der-GAP.jpg 1280w" sizes="auto, (max-width: 868px) 100vw, 868px" /></p>
<p><strong>2.2. Soziale Strukturen/ Ressourcen</strong></p>
<p>Als „Volle Halbtagsgrundschule“ wird unsere Schule um 7.40 Uhr geöffnet. Die reguläre Unterrichtszeit ist von 8.00 Uhr bis 13.50 Uhr.</p>
<p>In den Pausen gibt es verschiedene Möglichkeiten zur Erholung. Besonders seit der Schulhofgestaltung und Sanierung des Schulgebäudes stehen den Kindern viele Spiel- und Sportgeräte zur Verfügung sowie noch mehr Fachräume, ein Medienraum und eine Bibliothek.</p>
<p>Unsere Schüler erhalten im Speiseraum ihr Mittagessen und können je nach Bedarf Milch bestellen.</p>
<p>Unsere Schule ist hinsichtlich der vorhandenen Lehr- und Arbeitsmittel gut ausgestattet. Die notwendigen finanziellen Mittel erhalten wir jährlich von unserem Schulträger.</p>
<p><strong>2.3. Geschichte</strong></p>
<p>1981 – 1982           Erbauung des Schulgebäudes</p>
<p>1982 – 1991           Nutzung als Polytechnische Oberschule „Jose’ Marti“ mit den Klassen 1 – 10</p>
<p>1991 – 1998           zwei Schularten in einem Gebäude: Grundschule, Realschule</p>
<p>1998 – 1999           eigenständige Grundschule „Am Papenberg“</p>
<p>2000 – 2001         Umbau und vollständige Sanierung unseres Schulgebäudes</p>
<p>2001 – bis heute  Lernen in einem modernen Schulgebäude mit Hortbetreuung</p>
<p>2016 – 2017          Auszug des Hortes in ein eigenständiges Gebäude neben der Schule</p>
<p>seit dem Schuljahr<br />2016 – 2017           Volle Halbtagsgrundschule</p>
<p>2018 – 2019           Erweiterung des Schulgebäudes</p>
<p>2019                         Neugestaltung beider Schulhöfe</p>
<p><strong>3. Grundschulzeit – schöne Zeit</strong></p>
<p><strong>3.1. Unser &#8222;Leitbild&#8220;</strong></p>
<p>Die gesamte Arbeit unserer Schule orientiert sich an einem &#8222;Leitbild&#8220;, das grundsätzlich das gemeinsame Handeln aller Pädagogen, Schüler und Eltern beschreibt:</p>
<p style="text-align: center;"><span style="color: #ff0000;"><span style="color: #008000;">&#8222;Lehrer</span> <span style="color: #008000;">öffnen dir die Tür – über die Schwelle treten musst du selber.“</span></span></p>
<p>Unsere Schule soll ein Ort der Begegnung sein, an dem alle offen, vertrauens – und respektvoll miteinander umgehen.</p>
<p>Wir verstehen unsere Schule als Lebensraum, an dem wir miteinander und voneinander lernen, uns ausprobieren und entfalten können.</p>
<p>Von diesem Leitgedanken ausgehend haben wir, das Kollegium der Grundschule Am Papenberg, Leitziele formuliert, die das Schulleben in unserem Schulhaus darstellen.</p>
<p><strong>3.2. Leitsätze</strong></p>
<p><strong>Wir</strong> begegnen einander freundlich, höflich und respektvoll.</p>
<p><strong>Wir</strong> gehen ehrlich und vertrauensvoll miteinander um.</p>
<p><strong>Wir</strong> sind hilfsbereit und zuverlässig.</p>
<p><strong>Wir</strong> nehmen Rücksicht aufeinander und halten vereinbarte Regeln ein.</p>
<p><strong>Wir</strong> lassen keine Gewalt zu und lösen Konflikte friedlich.</p>
<p><strong>Wir</strong> sind für unsere Schule verantwortlich. Mit dem Schuleigentum gehen wir sorgsam um und achten auf Ordnung und Sauberkeit.</p>
<p><strong>Wir</strong> sind offen für andere Sprachen und Kulturen.</p>
<p><strong>3.3. Leitziele</strong></p>
<p><img loading="lazy" decoding="async" class="alignnone wp-image-5544" src="http://grundschule-am-papenberg.de/wordpress/wp-content/uploads/2025/05/2-1-300x169.jpg" alt="" width="859" height="484" srcset="http://grundschule-am-papenberg.de/wordpress/wp-content/uploads/2025/05/2-1-300x169.jpg 300w, http://grundschule-am-papenberg.de/wordpress/wp-content/uploads/2025/05/2-1-1024x576.jpg 1024w, http://grundschule-am-papenberg.de/wordpress/wp-content/uploads/2025/05/2-1-768x432.jpg 768w, http://grundschule-am-papenberg.de/wordpress/wp-content/uploads/2025/05/2-1-409x230.jpg 409w, http://grundschule-am-papenberg.de/wordpress/wp-content/uploads/2025/05/2-1.jpg 1440w" sizes="auto, (max-width: 859px) 100vw, 859px" /></p>


<p><em>Das Bildmaterial auf dieser Seite wurde mit Canva (www.canva.com) erstellt und wird im Rahmen der Lehrerlizenz für nicht-kommerzielle, schulische Zwecke verwendet.</em></p>

<p>1. Einleitung Zum Schuljahr 2016/2017 wurde unsere Grundschule eine „Volle Halbtagsgrundschule“. Deshalb haben wir unser Schulprogramm überarbeitet sowie aktualisiert, um den begonnenen Entwicklungsprozess fortzuschreiben, zu konkretisieren und unsere Vorgehensweise sowie die Ziele unserer Arbeit klar aufzuzeigen und transparent zu machen. Es soll uns bei der Weiterentwicklung unserer pädagogischen Arbeit helfen, um Qualitätsentwicklung von Unterricht und [&hellip;]</p>
