{"id":2593,"date":"2020-10-01T16:15:32","date_gmt":"2020-10-01T14:15:32","guid":{"rendered":"http:\/\/grundschule-am-papenberg.de\/?page_id=2593"},"modified":"2025-07-14T14:59:19","modified_gmt":"2025-07-14T12:59:19","slug":"ersatzunterricht","status":"publish","type":"page","link":"http:\/\/grundschule-am-papenberg.de\/?page_id=2593","title":{"rendered":"Evangelischer Religionsunterricht\/ Ersatzunterricht"},"content":{"rendered":"<h3><span style=\"color: #ff0000;\"><strong>Unterrichtsfach: Evangelischer Religionsunterricht<\/strong><\/span><\/h3>\n<table style=\"width: 100%;\">\n<tbody>\n<tr>\n<td style=\"background-color: #fff717; width: 3.42782%; text-align: center; vertical-align: middle;\"><span style=\"color: #339966;\"><strong>R<\/strong><\/span><\/td>\n<td style=\"width: 41.5722%; text-align: left; vertical-align: middle;\">\u00a0 eligion wahrnehmen und erkunden<\/td>\n<td style=\"width: 50%; height: 401.517px; text-align: center;\" rowspan=\"19\">\u00a0\u00a0\u00a0\u00a0\u00a0\u00a0\u00a0\u00a0\u00a0\u00a0\u00a0\u00a0\u00a0\u00a0\u00a0\u00a0\u00a0<img loading=\"lazy\" decoding=\"async\" class=\"alignnone wp-image-5411 size-medium\" src=\"http:\/\/grundschule-am-papenberg.de\/wordpress\/wp-content\/uploads\/2025\/04\/Religionsunterricht-300x300.jpg\" alt=\"\" width=\"300\" height=\"300\" srcset=\"http:\/\/grundschule-am-papenberg.de\/wordpress\/wp-content\/uploads\/2025\/04\/Religionsunterricht-300x300.jpg 300w, http:\/\/grundschule-am-papenberg.de\/wordpress\/wp-content\/uploads\/2025\/04\/Religionsunterricht-150x150.jpg 150w, http:\/\/grundschule-am-papenberg.de\/wordpress\/wp-content\/uploads\/2025\/04\/Religionsunterricht-230x230.jpg 230w, http:\/\/grundschule-am-papenberg.de\/wordpress\/wp-content\/uploads\/2025\/04\/Religionsunterricht.jpg 500w\" sizes=\"auto, (max-width: 300px) 100vw, 300px\" \/><strong><span style=\"color: #ffcc00;\">A<\/span><span style=\"color: #339966;\">L<\/span><span style=\"color: #ff0000;\">L<\/span><span style=\"color: #0000ff;\">E<\/span> SIND WILLKOMMEN<\/strong><\/p>\n<p>Bild: canva.com<\/td>\n<\/tr>\n<tr style=\"height: 24px;\">\n<td style=\"background-color: #fff717; width: 3.42782%; text-align: center; vertical-align: middle; height: 24px;\"><span style=\"color: #ff0000;\"><strong>E<\/strong><\/span><\/td>\n<td style=\"width: 41.5722%; height: 24px; text-align: left; vertical-align: middle;\">\u00a0 rkenntnisse gewinnen<\/td>\n<\/tr>\n<tr style=\"height: 24px;\">\n<td style=\"background-color: #fff717; width: 3.42782%; text-align: center; vertical-align: middle; height: 24px;\"><span style=\"color: #008000;\"><strong>L<\/strong><\/span><\/td>\n<td style=\"width: 41.5722%; height: 24px; text-align: left; vertical-align: middle;\">\u00a0 ernen an anderen Ort<\/td>\n<\/tr>\n<tr style=\"height: 24px;\">\n<td style=\"background-color: #fff717; width: 3.42782%; text-align: center; vertical-align: middle; height: 24px;\"><span style=\"color: #ff0000;\"><strong>I<\/strong><\/span><\/td>\n<td style=\"width: 41.5722%; height: 24px; text-align: left; vertical-align: middle;\">\u00a0 nteressante Fragen stellen<\/td>\n<\/tr>\n<tr style=\"height: 24px;\">\n<td style=\"background-color: #fff717; width: 3.42782%; text-align: center; vertical-align: middle; height: 24px;\"><span style=\"color: #ff9900;\"><strong>G<\/strong><\/span><\/td>\n<td style=\"width: 41.5722%; height: 24px; text-align: left; vertical-align: middle;\">\u00a0 emeinsames entdecken<\/td>\n<\/tr>\n<tr style=\"height: 24px;\">\n<td style=\"background-color: #fff717; width: 3.42782%; text-align: center; vertical-align: middle; height: 24px;\"><span style=\"color: #0000ff;\"><strong>I<\/strong><\/span><\/td>\n<td style=\"width: 41.5722%; height: 24px; text-align: left; vertical-align: middle;\">\u00a0 deen entwickeln<\/td>\n<\/tr>\n<tr style=\"height: 24px;\">\n<td style=\"background-color: #fff717; width: 3.42782%; text-align: center; vertical-align: middle; height: 24px;\"><span style=\"color: #993366;\"><strong>O<\/strong><\/span><\/td>\n<td style=\"width: 41.5722%; height: 24px; text-align: left; vertical-align: middle;\">\u00a0 rientierungen diskutieren<\/td>\n<\/tr>\n<tr style=\"height: 24px;\">\n<td style=\"background-color: #fff717; width: 3.42782%; text-align: center; vertical-align: middle; height: 24px;\"><span style=\"color: #800000;\"><strong>N<\/strong><\/span><\/td>\n<td style=\"width: 41.5722%; height: 24px; text-align: left; vertical-align: middle;\">\u00a0 eugier und Offenheit<\/td>\n<\/tr>\n<tr style=\"height: 24px;\">\n<td style=\"background-color: #fff717; width: 3.42782%; text-align: center; vertical-align: middle; height: 24px;\"><span style=\"color: #800080;\"><strong>S<\/strong><\/span><\/td>\n<td style=\"width: 41.5722%; height: 24px; text-align: left; vertical-align: middle;\">\u00a0 oziale Kompetenzen st\u00e4rken<\/td>\n<\/tr>\n<tr style=\"height: 24px;\">\n<td style=\"background-color: #fff717; width: 3.42782%; text-align: center; vertical-align: middle; height: 24px;\"><span style=\"color: #99cc00;\"><strong>U<\/strong><\/span><\/td>\n<td style=\"width: 41.5722%; height: 24px; text-align: left; vertical-align: middle;\">\u00a0 nterschiede tolerieren<\/td>\n<\/tr>\n<tr style=\"height: 24px;\">\n<td style=\"background-color: #fff717; width: 3.42782%; text-align: center; vertical-align: middle; height: 24px;\"><span style=\"color: #00ff00;\"><strong>N<\/strong><\/span><\/td>\n<td style=\"width: 41.5722%; height: 24px; text-align: left; vertical-align: middle;\">\u00a0 achdenken \u00fcber Gott und die Welt<\/td>\n<\/tr>\n<tr style=\"height: 24px;\">\n<td style=\"background-color: #fff717; width: 3.42782%; text-align: center; vertical-align: middle; height: 24px;\"><span style=\"color: #ff00ff;\"><strong>T<\/strong><\/span><\/td>\n<td style=\"width: 41.5722%; height: 24px; text-align: left; vertical-align: middle;\">\u00a0 r\u00e4umen Raum geben<\/td>\n<\/tr>\n<tr style=\"height: 24px;\">\n<td style=\"background-color: #fff717; width: 3.42782%; text-align: center; vertical-align: middle; height: 24px;\"><span style=\"color: #00ffff;\"><strong>E<\/strong><\/span><\/td>\n<td style=\"width: 41.5722%; height: 24px; text-align: left; vertical-align: middle;\">\u00a0 ngagement zeigen<\/td>\n<\/tr>\n<tr style=\"height: 24px;\">\n<td style=\"background-color: #fff717; width: 3.42782%; text-align: center; vertical-align: middle; height: 24px;\"><span style=\"color: #ff0000;\"><strong>R<\/strong><\/span><\/td>\n<td style=\"width: 41.5722%; height: 24px; text-align: left; vertical-align: middle;\">\u00a0 eligi\u00f6se R\u00e4ume erkunden<\/td>\n<\/tr>\n<tr style=\"height: 24px;\">\n<td style=\"background-color: #fff717; width: 3.42782%; text-align: center; vertical-align: middle; height: 24px;\"><span style=\"color: #339966;\"><strong>R<\/strong><\/span><\/td>\n<td style=\"width: 41.5722%; height: 24px; text-align: left; vertical-align: middle;\">\u00a0 ichtig streiten lernen<\/td>\n<\/tr>\n<tr style=\"height: 24px;\">\n<td style=\"background-color: #fff717; width: 3.42782%; text-align: center; vertical-align: middle; height: 24px;\"><span style=\"color: #3366ff;\"><strong>I<\/strong><\/span><\/td>\n<td style=\"width: 41.5722%; height: 24px; text-align: left; vertical-align: middle;\">\u00a0 ndividualit\u00e4t f\u00f6rdern<\/td>\n<\/tr>\n<tr style=\"height: 24px;\">\n<td style=\"background-color: #fff717; width: 3.42782%; text-align: center; vertical-align: middle; height: 24px;\"><span style=\"color: #993366;\"><strong>C<\/strong><\/span><\/td>\n<td style=\"width: 41.5722%; height: 24px; text-align: left; vertical-align: middle;\">\u00a0 hanukka \u2013 Ramadan \u2013 Weihnachten &#8230;<\/td>\n<\/tr>\n<tr style=\"height: 24px;\">\n<td style=\"background-color: #fff717; width: 3.42782%; text-align: center; vertical-align: middle; height: 24px;\"><span style=\"color: #ff0000;\"><strong>H<\/strong><\/span><\/td>\n<td style=\"width: 41.5722%; height: 24px; text-align: left; vertical-align: middle;\">\u00a0 offnungen in Worte fassen<\/td>\n<\/tr>\n<tr style=\"height: 24px;\">\n<td style=\"background-color: #fff717; width: 3.42782%; text-align: center; vertical-align: middle; height: 24px;\"><span style=\"color: #ff9900;\"><strong>T<\/strong><\/span><\/td>\n<td style=\"width: 41.5722%; height: 24px; text-align: left; vertical-align: middle;\">\u00a0 atsachen hinterfragen<\/td>\n<\/tr>\n<\/tbody>\n<\/table>\n<p><strong><span style=\"color: #ffcc00;\"><span style=\"color: #ff0000;\">Der evangelische Religionsunterricht ist offen f\u00fcr alle.<\/span><br \/>\n<\/span><\/strong><\/p>\n<p><span style=\"color: #ff0000;\"><strong>WIR <\/strong><\/span> sprechen dar\u00fcber, was im Leben wichtig ist, was gut ist, was gemeinsames Leben f\u00f6rdert oder einengt, was Angst macht.<\/p>\n<p><span style=\"color: #ff0000;\"><strong>WIR<\/strong><\/span> bringen unsere eigenen Auffassungen und Erfahrungen in den Unterricht ein.<\/p>\n<p><span style=\"color: #ff0000;\"><strong>WIR<\/strong><\/span> lernen, eigene Auffassungen auszudr\u00fccken, anderen mitzuteilen und zu vertreten sowie die Verschiedenheit untereinander zu sch\u00e4tzen.<\/p>\n<p><span style=\"color: #ff0000;\"><strong>WIR<\/strong><\/span> gehen auf Entdeckungsreise in die Welt der Religionen und machen neue Erfahrungen.<\/p>\n<p><span style=\"color: #ff0000;\"><strong>WIR<\/strong><\/span> lernen Geschichten aus verschiedenen Religionen kennen.<\/p>\n<p><span style=\"color: #ff0000;\"><strong>WIR<\/strong><\/span> erkunden R\u00e4ume, in denen Menschen ihren Glauben leben.<\/p>\n<p><span style=\"color: #ff0000;\"><strong>WIR<\/strong><\/span> erfahren, wie die gro\u00dfen Feste der Religionen gefeiert werden und welche Bedeutung sie haben.<\/p>\n<p><span style=\"color: #ff0000;\"><strong>WIR<\/strong><\/span> lernen, anderen aufmerksam und offen zu begegnen, die eigene Meinung behutsam zu formulieren und zu vertreten, andere zu verstehen, nach gemeinsamen L\u00f6sungen zu suchen und unterschiedliche Auffassungen zu tolerieren.<\/p>\n<figure id=\"attachment_5630\" aria-describedby=\"caption-attachment-5630\" style=\"width: 791px\" class=\"wp-caption alignnone\"><img loading=\"lazy\" decoding=\"async\" class=\"wp-image-5630\" src=\"http:\/\/grundschule-am-papenberg.de\/wordpress\/wp-content\/uploads\/2025\/05\/IMG_8594-300x225.jpeg\" alt=\"\" width=\"791\" height=\"593\" srcset=\"http:\/\/grundschule-am-papenberg.de\/wordpress\/wp-content\/uploads\/2025\/05\/IMG_8594-300x225.jpeg 300w, http:\/\/grundschule-am-papenberg.de\/wordpress\/wp-content\/uploads\/2025\/05\/IMG_8594-1024x768.jpeg 1024w, http:\/\/grundschule-am-papenberg.de\/wordpress\/wp-content\/uploads\/2025\/05\/IMG_8594-768x576.jpeg 768w, http:\/\/grundschule-am-papenberg.de\/wordpress\/wp-content\/uploads\/2025\/05\/IMG_8594-1536x1152.jpeg 1536w, http:\/\/grundschule-am-papenberg.de\/wordpress\/wp-content\/uploads\/2025\/05\/IMG_8594-2048x1536.jpeg 2048w, http:\/\/grundschule-am-papenberg.de\/wordpress\/wp-content\/uploads\/2025\/05\/IMG_8594-307x230.jpeg 307w\" sizes=\"auto, (max-width: 791px) 100vw, 791px\" \/><figcaption id=\"caption-attachment-5630\" class=\"wp-caption-text\">Der Religionsraum<\/figcaption><\/figure>\n<p><img loading=\"lazy\" decoding=\"async\" class=\"alignnone  wp-image-5653\" src=\"http:\/\/grundschule-am-papenberg.de\/wordpress\/wp-content\/uploads\/2025\/05\/IMG_8592-scaled-e1748201875264-300x229.jpeg\" alt=\"\" width=\"791\" height=\"604\" srcset=\"http:\/\/grundschule-am-papenberg.de\/wordpress\/wp-content\/uploads\/2025\/05\/IMG_8592-scaled-e1748201875264-300x229.jpeg 300w, http:\/\/grundschule-am-papenberg.de\/wordpress\/wp-content\/uploads\/2025\/05\/IMG_8592-scaled-e1748201875264-1024x782.jpeg 1024w, http:\/\/grundschule-am-papenberg.de\/wordpress\/wp-content\/uploads\/2025\/05\/IMG_8592-scaled-e1748201875264-768x586.jpeg 768w, http:\/\/grundschule-am-papenberg.de\/wordpress\/wp-content\/uploads\/2025\/05\/IMG_8592-scaled-e1748201875264-1536x1172.jpeg 1536w, http:\/\/grundschule-am-papenberg.de\/wordpress\/wp-content\/uploads\/2025\/05\/IMG_8592-scaled-e1748201875264-2048x1563.jpeg 2048w, http:\/\/grundschule-am-papenberg.de\/wordpress\/wp-content\/uploads\/2025\/05\/IMG_8592-scaled-e1748201875264-301x230.jpeg 301w\" sizes=\"auto, (max-width: 791px) 100vw, 791px\" \/><\/p>\n<p><img loading=\"lazy\" decoding=\"async\" class=\" wp-image-5654 aligncenter\" src=\"http:\/\/grundschule-am-papenberg.de\/wordpress\/wp-content\/uploads\/2025\/05\/IMG_8598-300x225.jpeg\" alt=\"\" width=\"445\" height=\"334\" srcset=\"http:\/\/grundschule-am-papenberg.de\/wordpress\/wp-content\/uploads\/2025\/05\/IMG_8598-300x225.jpeg 300w, http:\/\/grundschule-am-papenberg.de\/wordpress\/wp-content\/uploads\/2025\/05\/IMG_8598-1024x768.jpeg 1024w, http:\/\/grundschule-am-papenberg.de\/wordpress\/wp-content\/uploads\/2025\/05\/IMG_8598-768x576.jpeg 768w, http:\/\/grundschule-am-papenberg.de\/wordpress\/wp-content\/uploads\/2025\/05\/IMG_8598-1536x1152.jpeg 1536w, http:\/\/grundschule-am-papenberg.de\/wordpress\/wp-content\/uploads\/2025\/05\/IMG_8598-2048x1536.jpeg 2048w, http:\/\/grundschule-am-papenberg.de\/wordpress\/wp-content\/uploads\/2025\/05\/IMG_8598-307x230.jpeg 307w\" sizes=\"auto, (max-width: 445px) 100vw, 445px\" \/><\/p>\n<table>\n<tbody>\n<tr>\n<td style=\"background-color: #71d1d1;\">\n<p style=\"padding-left: 30px;\">Das Fach EVANGELICHER RELIGIONSUNTERRICHT ist laut Grundgesetz ein<br \/>\n&#8222;ordentliches Unterrichtsfach&#8220;.<\/p>\n<p style=\"padding-left: 30px;\">Eltern k\u00f6nnen ihr Kind formlos vom Religionsunterricht abmelden (Termin &#8211; Schuljahresplan). Dann besucht es den Ersatzunterricht.<\/p>\n<p style=\"padding-left: 30px;\">Wie in den anderen F\u00e4chern gibt es in diesem Fach Noten. Es werden Leistungen bewertet, die in der Auseinandersetzung mit den Themen des Unterrichts erbracht werden.<\/p>\n<\/td>\n<\/tr>\n<\/tbody>\n<\/table>\n<h3><img loading=\"lazy\" decoding=\"async\" class=\"aligncenter wp-image-2648 size-full\" src=\"http:\/\/grundschule-am-papenberg.de\/wordpress\/wp-content\/uploads\/2020\/10\/Religion_1.jpg\" alt=\"\" width=\"1490\" height=\"996\" srcset=\"http:\/\/grundschule-am-papenberg.de\/wordpress\/wp-content\/uploads\/2020\/10\/Religion_1.jpg 1490w, http:\/\/grundschule-am-papenberg.de\/wordpress\/wp-content\/uploads\/2020\/10\/Religion_1-300x201.jpg 300w, http:\/\/grundschule-am-papenberg.de\/wordpress\/wp-content\/uploads\/2020\/10\/Religion_1-768x513.jpg 768w, http:\/\/grundschule-am-papenberg.de\/wordpress\/wp-content\/uploads\/2020\/10\/Religion_1-1024x684.jpg 1024w, http:\/\/grundschule-am-papenberg.de\/wordpress\/wp-content\/uploads\/2020\/10\/Religion_1-344x230.jpg 344w\" sizes=\"auto, (max-width: 1490px) 100vw, 1490px\" \/><\/h3>\n<h3><\/h3>\n<h3><span style=\"color: #ff0000;\"><strong>Unterrichtsfach: Ersatzunterricht<\/strong><\/span><\/h3>\n<p><strong><br \/>\nFolgende Themen bzw. Schwerpunkte haben wir in unserem Rahmenplan im Fach Ersatzunterricht aufgenommen:<\/strong><\/p>\n<p>Das Thema \u201eWir lernen uns kennen\u201c unterst\u00fctzt in Klasse 1 die Kennenlernphase. Der Sch\u00fcler reflektiert sich als Person und lernt auf unterschiedliche Weise seine Klassenkameraden kennen. In Klasse 2 bis 4 wird dieses Thema erweitert mit folgenden Schwerpunkten:<\/p>\n<ul>\n<li>jeder Mensch hat besondere F\u00e4higkeiten<\/li>\n<li>auf andere Menschen R\u00fccksicht nehmen<\/li>\n<li>anderen Menschen Freude bereiten<\/li>\n<li>sich streiten und vertragen<\/li>\n<li>anderen Menschen helfen und sich selbst helfen lassen<\/li>\n<\/ul>\n<p>Am Ende der 4. Klasse soll sich der Sch\u00fcler als Teil einer Gesellschaft, eines Landes und eines Kontinents sehen. Das Thema Europa wird hier eingebunden.<\/p>\n<p>In einem weiteren Thema in allen Klassenstufen geht es um die \u201eJahreszeiten\u201c. F\u00e4cher\u00fcbergreifend zum Sachunterricht besch\u00e4ftigen sich die Kinder mit der Jahresuhr, wiederkehrenden Festen, auch den religi\u00f6sen, erfahren etwas \u00fcber deren Ursprung und zu den Br\u00e4uchen bei uns und in anderen L\u00e4ndern.<\/p>\n<p>Das Thema \u201eFreude, Ungl\u00fcck und Leid\u201c wird aufgegriffen. Gemeinsam mit den Kindern erarbeiten wir, was diese Begriffe bedeuten und verbinden dies mit den Erfahrungen. Wir sprechen \u00fcber Gl\u00fcck, Gef\u00fchle, Trauer und wie jeder damit umgeht.<\/p>\n<p>Beim Thema \u201eNatur\u201c erfahren die Sch\u00fcler, erg\u00e4nzend zum Sachunterricht, etwas \u00fcber Tiere und Pflanzen in der Umgebung und wie wir sie sch\u00fctzen k\u00f6nnen. Die Sch\u00fcler berichten von ihrem Lieblingstier und tauschen sich zu verschiedenen Haustieren aus. Dabei sind Umweltprobleme ein weiterer Schwerpunkt.<\/p>\n<p>Sollte sich Ihr Kind f\u00fcr den Ersatzunterricht entscheiden, so findet dieser 1x pro Woche statt. Die Sch\u00fcler haben in jeder Klassenstufe eine Wochenstunde Ersatzunterricht. Wichtige Fakten werden in einem Hefter aufgeschrieben und auf Arbeitsbl\u00e4ttern gefestigt. Zensuren bekommen sie durch schriftliche Kontrollen, f\u00fcr Bastel- und Malarbeiten, Vortr\u00e4ge oder \u00dcbungen. Ihr Wissen eignen sich die Sch\u00fcler \u00fcber Einzel- Partner- oder Gruppenarbeit an. Sie werden bef\u00e4higt, ihr Wissen bei einzelnen Schwerpunkten auf Plakaten oder beim darstellenden Spiel zu pr\u00e4sentieren.<\/p>\n<p><em>Das Bildmaterial auf dieser Seite stammt teilweise aus Canva (www.canva.com) und wird im Rahmen der Lehrerlizenz f\u00fcr nicht-kommerzielle, schulische Zwecke verwendet.<\/em><\/p>\n","protected":false},"excerpt":{"rendered":"<p>Unterrichtsfach: Evangelischer Religionsunterricht R \u00a0 eligion wahrnehmen und erkunden \u00a0\u00a0\u00a0\u00a0\u00a0\u00a0\u00a0\u00a0\u00a0\u00a0\u00a0\u00a0\u00a0\u00a0\u00a0\u00a0\u00a0ALLE SIND WILLKOMMEN Bild: canva.com E \u00a0 rkenntnisse gewinnen L \u00a0 ernen an anderen Ort I \u00a0 nteressante Fragen stellen G \u00a0 emeinsames entdecken I \u00a0 deen entwickeln O \u00a0 rientierungen diskutieren N \u00a0 eugier und Offenheit S \u00a0 oziale Kompetenzen st\u00e4rken U \u00a0 nterschiede tolerieren [&hellip;]<\/p>\n","protected":false},"author":2,"featured_media":0,"parent":8,"menu_order":0,"comment_status":"closed","ping_status":"closed","template":"","meta":{"footnotes":""},"class_list":["post-2593","page","type-page","status-publish","hentry"],"_links":{"self":[{"href":"http:\/\/grundschule-am-papenberg.de\/index.php?rest_route=\/wp\/v2\/pages\/2593","targetHints":{"allow":["GET"]}}],"collection":[{"href":"http:\/\/grundschule-am-papenberg.de\/index.php?rest_route=\/wp\/v2\/pages"}],"about":[{"href":"http:\/\/grundschule-am-papenberg.de\/index.php?rest_route=\/wp\/v2\/types\/page"}],"author":[{"embeddable":true,"href":"http:\/\/grundschule-am-papenberg.de\/index.php?rest_route=\/wp\/v2\/users\/2"}],"replies":[{"embeddable":true,"href":"http:\/\/grundschule-am-papenberg.de\/index.php?rest_route=%2Fwp%2Fv2%2Fcomments&post=2593"}],"version-history":[{"count":2,"href":"http:\/\/grundschule-am-papenberg.de\/index.php?rest_route=\/wp\/v2\/pages\/2593\/revisions"}],"predecessor-version":[{"id":5878,"href":"http:\/\/grundschule-am-papenberg.de\/index.php?rest_route=\/wp\/v2\/pages\/2593\/revisions\/5878"}],"up":[{"embeddable":true,"href":"http:\/\/grundschule-am-papenberg.de\/index.php?rest_route=\/wp\/v2\/pages\/8"}],"wp:attachment":[{"href":"http:\/\/grundschule-am-papenberg.de\/index.php?rest_route=%2Fwp%2Fv2%2Fmedia&parent=2593"}],"curies":[{"name":"wp","href":"https:\/\/api.w.org\/{rel}","templated":true}]}}