{"id":2471,"date":"2020-08-30T20:31:54","date_gmt":"2020-08-30T18:31:54","guid":{"rendered":"http:\/\/grundschule-am-papenberg.de\/?page_id=2471"},"modified":"2023-06-15T13:10:25","modified_gmt":"2023-06-15T11:10:25","slug":"schulsozialarbeit","status":"publish","type":"page","link":"http:\/\/grundschule-am-papenberg.de\/?page_id=2471","title":{"rendered":"Schulsozialarbeit"},"content":{"rendered":"<div class=\"wp-block-image\">\n<figure class=\"alignright size-large is-resized\"><img loading=\"lazy\" decoding=\"async\" src=\"http:\/\/grundschule-am-papenberg.de\/wordpress\/wp-content\/uploads\/2023\/06\/Schulz-732x1024.jpg\" alt=\"\" class=\"wp-image-4625\" width=\"191\" height=\"267\" srcset=\"http:\/\/grundschule-am-papenberg.de\/wordpress\/wp-content\/uploads\/2023\/06\/Schulz-732x1024.jpg 732w, http:\/\/grundschule-am-papenberg.de\/wordpress\/wp-content\/uploads\/2023\/06\/Schulz-214x300.jpg 214w, http:\/\/grundschule-am-papenberg.de\/wordpress\/wp-content\/uploads\/2023\/06\/Schulz-768x1074.jpg 768w, http:\/\/grundschule-am-papenberg.de\/wordpress\/wp-content\/uploads\/2023\/06\/Schulz-1098x1536.jpg 1098w, http:\/\/grundschule-am-papenberg.de\/wordpress\/wp-content\/uploads\/2023\/06\/Schulz-1464x2048.jpg 1464w, http:\/\/grundschule-am-papenberg.de\/wordpress\/wp-content\/uploads\/2023\/06\/Schulz-164x230.jpg 164w, http:\/\/grundschule-am-papenberg.de\/wordpress\/wp-content\/uploads\/2023\/06\/Schulz-scaled.jpg 1830w\" sizes=\"auto, (max-width: 191px) 100vw, 191px\" \/><\/figure><\/div>\n\n<p>Schulsozialarbeit ist ein Leistungsangebot der Jugendhilfe am Lernort Schule f\u00fcr alle Sch\u00fclerinnen und Sch\u00fcler der jeweiligen Schule, sowie deren Erziehungsberechtigten und Lehrkr\u00e4ften.<\/p>\n<p>Unsere Schulsozialarbeiterin Frau Schulz ist Ansprechpartnerin bei individuellen Sorgen und unterst\u00fctzt\u00a0 bei der Bew\u00e4ltigung verschiedenster Probleme.<\/p>\n<p>Das Aufgabengebiet unserer Schulsozialarbeiterin ist vielf\u00e4ltig:<\/p>\n<ul style=\"list-style-type: disc;\">\n<li>Beratung und Unterst\u00fctzung bei der individuellen Problembew\u00e4ltigung, bei Lern- und Verhaltensschwierigkeiten<\/li>\n<li>Einzelfallhilfe<\/li>\n<li>Elternarbeit<\/li>\n<li>Planung und Durchf\u00fchrung von Pr\u00e4ventionsangeboten<\/li>\n<li>Schlichterberatung und Konfliktbearbeitung<\/li>\n<li>Training sozialer Kompetenzen<\/li>\n<li>Netzwerkarbeit (Zusammenarbeit mit anderen Institutionen, \u00c4mtern, Beratungsstellen, &#8230;)<\/li>\n<li>Mitwirken in schulischen Gremien<\/li>\n<li>Unterst\u00fctzung bei Klassen- und Schulveranstaltungen<\/li>\n<li>\u00d6ffentlichkeitsarbeit<\/li>\n<\/ul>\n<p>Frau Schulz ist unter der Telefonnummer 03991\/6739963 zu erreichen.<\/p>\n<p>E-Mail: anne-katrin.schulz@gap-waren.de<\/p>\n<p>Gef\u00f6rdert durch:<\/p>\n<table style=\"width: 600px;\">\n<tbody>\n<tr>\n<td style=\"width: 300px;\">\n<p><img decoding=\"async\" src=\"http:\/\/grundschule-am-papenberg.de\/wordpress\/wp-content\/uploads\/2023\/06\/3.1.-LOGO_DEKofinanziertvonderEuropaeischenUnion_POS-1-1024x215.jpg\" alt=\"Dieses Bild hat ein leeres Alt-Attribut. Der Dateiname ist 3.1.-LOGO_DEKofinanziertvonderEuropaeischenUnion_POS-1-1024x215.jpg\" \/><\/p>\n<\/td>\n<td style=\"width: 10px;\">\u00a0<\/td>\n<td style=\"width: 279.35px;\"><img decoding=\"async\" src=\"http:\/\/grundschule-am-papenberg.de\/wordpress\/wp-content\/uploads\/2023\/06\/Outlook-ectpi4zi.png\" alt=\"Dieses Bild hat ein leeres Alt-Attribut. Der Dateiname ist Outlook-ectpi4zi.png\" \/><\/td>\n<\/tr>\n<\/tbody>\n<\/table>","protected":false},"excerpt":{"rendered":"<p>Schulsozialarbeit ist ein Leistungsangebot der Jugendhilfe am Lernort Schule f\u00fcr alle Sch\u00fclerinnen und Sch\u00fcler der jeweiligen Schule, sowie deren Erziehungsberechtigten und Lehrkr\u00e4ften. Unsere Schulsozialarbeiterin Frau Schulz ist Ansprechpartnerin bei individuellen Sorgen und unterst\u00fctzt\u00a0 bei der Bew\u00e4ltigung verschiedenster Probleme. Das Aufgabengebiet unserer Schulsozialarbeiterin ist vielf\u00e4ltig: Beratung und Unterst\u00fctzung bei der individuellen Problembew\u00e4ltigung, bei Lern- und Verhaltensschwierigkeiten [&hellip;]<\/p>\n","protected":false},"author":2,"featured_media":0,"parent":8,"menu_order":0,"comment_status":"closed","ping_status":"closed","template":"","meta":{"footnotes":""},"class_list":["post-2471","page","type-page","status-publish","hentry"],"_links":{"self":[{"href":"http:\/\/grundschule-am-papenberg.de\/index.php?rest_route=\/wp\/v2\/pages\/2471","targetHints":{"allow":["GET"]}}],"collection":[{"href":"http:\/\/grundschule-am-papenberg.de\/index.php?rest_route=\/wp\/v2\/pages"}],"about":[{"href":"http:\/\/grundschule-am-papenberg.de\/index.php?rest_route=\/wp\/v2\/types\/page"}],"author":[{"embeddable":true,"href":"http:\/\/grundschule-am-papenberg.de\/index.php?rest_route=\/wp\/v2\/users\/2"}],"replies":[{"embeddable":true,"href":"http:\/\/grundschule-am-papenberg.de\/index.php?rest_route=%2Fwp%2Fv2%2Fcomments&post=2471"}],"version-history":[{"count":2,"href":"http:\/\/grundschule-am-papenberg.de\/index.php?rest_route=\/wp\/v2\/pages\/2471\/revisions"}],"predecessor-version":[{"id":4626,"href":"http:\/\/grundschule-am-papenberg.de\/index.php?rest_route=\/wp\/v2\/pages\/2471\/revisions\/4626"}],"up":[{"embeddable":true,"href":"http:\/\/grundschule-am-papenberg.de\/index.php?rest_route=\/wp\/v2\/pages\/8"}],"wp:attachment":[{"href":"http:\/\/grundschule-am-papenberg.de\/index.php?rest_route=%2Fwp%2Fv2%2Fmedia&parent=2471"}],"curies":[{"name":"wp","href":"https:\/\/api.w.org\/{rel}","templated":true}]}}

<div class="wp-block-image">
<figure class="alignright size-large is-resized"><img loading="lazy" decoding="async" src="http://grundschule-am-papenberg.de/wordpress/wp-content/uploads/2023/06/Schulz-732x1024.jpg" alt="" class="wp-image-4625" width="191" height="267" srcset="http://grundschule-am-papenberg.de/wordpress/wp-content/uploads/2023/06/Schulz-732x1024.jpg 732w, http://grundschule-am-papenberg.de/wordpress/wp-content/uploads/2023/06/Schulz-214x300.jpg 214w, http://grundschule-am-papenberg.de/wordpress/wp-content/uploads/2023/06/Schulz-768x1074.jpg 768w, http://grundschule-am-papenberg.de/wordpress/wp-content/uploads/2023/06/Schulz-1098x1536.jpg 1098w, http://grundschule-am-papenberg.de/wordpress/wp-content/uploads/2023/06/Schulz-1464x2048.jpg 1464w, http://grundschule-am-papenberg.de/wordpress/wp-content/uploads/2023/06/Schulz-164x230.jpg 164w, http://grundschule-am-papenberg.de/wordpress/wp-content/uploads/2023/06/Schulz-scaled.jpg 1830w" sizes="auto, (max-width: 191px) 100vw, 191px" /></figure></div>

<p>Schulsozialarbeit ist ein Leistungsangebot der Jugendhilfe am Lernort Schule für alle Schülerinnen und Schüler der jeweiligen Schule, sowie deren Erziehungsberechtigten und Lehrkräften.</p>
<p>Unsere Schulsozialarbeiterin Frau Schulz ist Ansprechpartnerin bei individuellen Sorgen und unterstützt  bei der Bewältigung verschiedenster Probleme.</p>
<p>Das Aufgabengebiet unserer Schulsozialarbeiterin ist vielfältig:</p>
<ul style="list-style-type: disc;">
<li>Beratung und Unterstützung bei der individuellen Problembewältigung, bei Lern- und Verhaltensschwierigkeiten</li>
<li>Einzelfallhilfe</li>
<li>Elternarbeit</li>
<li>Planung und Durchführung von Präventionsangeboten</li>
<li>Schlichterberatung und Konfliktbearbeitung</li>
<li>Training sozialer Kompetenzen</li>
<li>Netzwerkarbeit (Zusammenarbeit mit anderen Institutionen, Ämtern, Beratungsstellen, &#8230;)</li>
<li>Mitwirken in schulischen Gremien</li>
<li>Unterstützung bei Klassen- und Schulveranstaltungen</li>
<li>Öffentlichkeitsarbeit</li>
</ul>
<p>Frau Schulz ist unter der Telefonnummer 03991/6739963 zu erreichen.</p>
<p>E-Mail: anne-katrin.schulz@gap-waren.de</p>
<p>Gefördert durch:</p>
<table style="width: 600px;">
<tbody>
<tr>
<td style="width: 300px;">
<p><img decoding="async" src="http://grundschule-am-papenberg.de/wordpress/wp-content/uploads/2023/06/3.1.-LOGO_DEKofinanziertvonderEuropaeischenUnion_POS-1-1024x215.jpg" alt="Dieses Bild hat ein leeres Alt-Attribut. Der Dateiname ist 3.1.-LOGO_DEKofinanziertvonderEuropaeischenUnion_POS-1-1024x215.jpg" /></p>
</td>
<td style="width: 10px;"> </td>
<td style="width: 279.35px;"><img decoding="async" src="http://grundschule-am-papenberg.de/wordpress/wp-content/uploads/2023/06/Outlook-ectpi4zi.png" alt="Dieses Bild hat ein leeres Alt-Attribut. Der Dateiname ist Outlook-ectpi4zi.png" /></td>
</tr>
</tbody>
</table>

<p>Schulsozialarbeit ist ein Leistungsangebot der Jugendhilfe am Lernort Schule für alle Schülerinnen und Schüler der jeweiligen Schule, sowie deren Erziehungsberechtigten und Lehrkräften. Unsere Schulsozialarbeiterin Frau Schulz ist Ansprechpartnerin bei individuellen Sorgen und unterstützt  bei der Bewältigung verschiedenster Probleme. Das Aufgabengebiet unserer Schulsozialarbeiterin ist vielfältig: Beratung und Unterstützung bei der individuellen Problembewältigung, bei Lern- und Verhaltensschwierigkeiten [&hellip;]</p>
