{"id":2458,"date":"2020-08-30T20:08:37","date_gmt":"2020-08-30T18:08:37","guid":{"rendered":"http:\/\/grundschule-am-papenberg.de\/?page_id=2458"},"modified":"2025-08-29T09:27:31","modified_gmt":"2025-08-29T07:27:31","slug":"sonderpaedagogin","status":"publish","type":"page","link":"http:\/\/grundschule-am-papenberg.de\/?page_id=2458","title":{"rendered":"Sonderp\u00e4dagogik"},"content":{"rendered":"<p>Unsere Sonderp\u00e4dagogin Frau Thiele unterst\u00fctzt unsere Sch\u00fclerinnen und Sch\u00fcler bzw. deren Erziehungsberechtigte in folgenden Bereichen:<\/p>\n<ul style=\"list-style-type: disc;\">\n<li>Einschulungsgespr\u00e4che<\/li>\n<li>Sichtverfahren f\u00fcr zuk\u00fcnftige Sch\u00fclerinnen und Sch\u00fcler der DFLG1<\/li>\n<li>Diagnostik<\/li>\n<li>Zweitlehrer in Diagnosef\u00f6rderlerngruppen<\/li>\n<li>sonderp\u00e4dagogischer F\u00f6rderunterricht in den Bereichen Sprache, emotional-soziale Entwicklung, k\u00f6rperlich-motorische Entwicklung, Lese-Rechtschreib-Schw\u00e4che, Lernen im mathematischen Bereich, Lernen im gemeinsamen Unterricht<\/li>\n<li>Beratung der Erziehungsberechtigten zum Thema Schullaufbahn<\/li>\n<\/ul>\n","protected":false},"excerpt":{"rendered":"<p>Unsere Sonderp\u00e4dagogin Frau Thiele unterst\u00fctzt unsere Sch\u00fclerinnen und Sch\u00fcler bzw. deren Erziehungsberechtigte in folgenden Bereichen: Einschulungsgespr\u00e4che Sichtverfahren f\u00fcr zuk\u00fcnftige Sch\u00fclerinnen und Sch\u00fcler der DFLG1 Diagnostik Zweitlehrer in Diagnosef\u00f6rderlerngruppen sonderp\u00e4dagogischer F\u00f6rderunterricht in den Bereichen Sprache, emotional-soziale Entwicklung, k\u00f6rperlich-motorische Entwicklung, Lese-Rechtschreib-Schw\u00e4che, Lernen im mathematischen Bereich, Lernen im gemeinsamen Unterricht Beratung der Erziehungsberechtigten zum Thema Schullaufbahn<\/p>\n","protected":false},"author":2,"featured_media":0,"parent":8,"menu_order":0,"comment_status":"closed","ping_status":"closed","template":"","meta":{"footnotes":""},"class_list":["post-2458","page","type-page","status-publish","hentry"],"_links":{"self":[{"href":"http:\/\/grundschule-am-papenberg.de\/index.php?rest_route=\/wp\/v2\/pages\/2458","targetHints":{"allow":["GET"]}}],"collection":[{"href":"http:\/\/grundschule-am-papenberg.de\/index.php?rest_route=\/wp\/v2\/pages"}],"about":[{"href":"http:\/\/grundschule-am-papenberg.de\/index.php?rest_route=\/wp\/v2\/types\/page"}],"author":[{"embeddable":true,"href":"http:\/\/grundschule-am-papenberg.de\/index.php?rest_route=\/wp\/v2\/users\/2"}],"replies":[{"embeddable":true,"href":"http:\/\/grundschule-am-papenberg.de\/index.php?rest_route=%2Fwp%2Fv2%2Fcomments&post=2458"}],"version-history":[{"count":3,"href":"http:\/\/grundschule-am-papenberg.de\/index.php?rest_route=\/wp\/v2\/pages\/2458\/revisions"}],"predecessor-version":[{"id":5975,"href":"http:\/\/grundschule-am-papenberg.de\/index.php?rest_route=\/wp\/v2\/pages\/2458\/revisions\/5975"}],"up":[{"embeddable":true,"href":"http:\/\/grundschule-am-papenberg.de\/index.php?rest_route=\/wp\/v2\/pages\/8"}],"wp:attachment":[{"href":"http:\/\/grundschule-am-papenberg.de\/index.php?rest_route=%2Fwp%2Fv2%2Fmedia&parent=2458"}],"curies":[{"name":"wp","href":"https:\/\/api.w.org\/{rel}","templated":true}]}}

Sonderpädagogik

<p>Unsere Sonderpädagogin Frau Thiele unterstützt unsere Schülerinnen und Schüler bzw. deren Erziehungsberechtigte in folgenden Bereichen:</p>
<ul style="list-style-type: disc;">
<li>Einschulungsgespräche</li>
<li>Sichtverfahren für zukünftige Schülerinnen und Schüler der DFLG1</li>
<li>Diagnostik</li>
<li>Zweitlehrer in Diagnoseförderlerngruppen</li>
<li>sonderpädagogischer Förderunterricht in den Bereichen Sprache, emotional-soziale Entwicklung, körperlich-motorische Entwicklung, Lese-Rechtschreib-Schwäche, Lernen im mathematischen Bereich, Lernen im gemeinsamen Unterricht</li>
<li>Beratung der Erziehungsberechtigten zum Thema Schullaufbahn</li>
</ul>

<p>Unsere Sonderpädagogin Frau Thiele unterstützt unsere Schülerinnen und Schüler bzw. deren Erziehungsberechtigte in folgenden Bereichen: Einschulungsgespräche Sichtverfahren für zukünftige Schülerinnen und Schüler der DFLG1 Diagnostik Zweitlehrer in Diagnoseförderlerngruppen sonderpädagogischer Förderunterricht in den Bereichen Sprache, emotional-soziale Entwicklung, körperlich-motorische Entwicklung, Lese-Rechtschreib-Schwäche, Lernen im mathematischen Bereich, Lernen im gemeinsamen Unterricht Beratung der Erziehungsberechtigten zum Thema Schullaufbahn</p>
